285*u**2 + 9*u + 26. Let v(x) = -57*x**2 - 2*x - 5. Let o(t) = -2*c(t) - 11*v(t). Let f be o(-1). Calculate the greatest common factor of f and 140.
28
Let n = -71 + 50. Let q = 142 + n. Let a(v) = 10*v**2 + 2*v - 1. Let r be a(1). What is the highest common factor of r and q?
11
Suppose -4*g - 12 = -28. Calculate the highest common factor of 164 and g.
4
Let w be 3150/99 - ((-2)/11 - 0). Let z be 1400/4 + 2/((-2)/(-2)). What is the greatest common divisor of w and z?
32
Let f be (-1 - (-32)/20)/(2/40). Calculate the highest common factor of f and 30.
6
Let j be (-58609)/(-116) + ((-3)/4)/(-1). Calculate the greatest common factor of j and 46.
46
Let y be (10/(-6))/((-28)/2268). What is the highest common factor of 27 and y?
27
Let n(h) = -128*h - 989. Let j be n(-8). Calculate the greatest common divisor of j and 63.
7
Suppose -3*i = -4*s + 3, 0*i - 12 = -5*s + i. Let d = -1915 - -1916. What is the highest common divisor of s and d?
1
Let w = 6 - 5. Suppose 3*s - 4*d = 109, -w = -2*d + 3*d. Suppose y - s = -2*a, 4*a = 3*a + 3*y. What is the greatest common factor of a and 3?
3
Let f(g) be the third derivative of -g**6/120 - 2*g**5/15 - 7*g**4/12 - g**3/2 - 14*g**2. Let w be f(-6). Calculate the greatest common divisor of w and 99.
9
Let v be -46*(153/(-18) - -5). What is the highest common divisor of 69 and v?
23
Suppose -5*w + 3*n + 0*n + 184 = 0, -5*n = 3*w - 124. What is the highest common divisor of w and 19?
19
Let c(l) = -16*l**3 + 2*l**2 + l - 6. Let g be c(-2). Let p = -62 + g. Suppose -2*h - h = -18. What is the greatest common divisor of h and p?
6
Suppose 0 = -34*f - 15*f + 2695. Suppose d - 14 + 3 = 0. What is the greatest common divisor of f and d?
11
Suppose 0 = 3*w - 262 - 41. Suppose 10*a = w - 1. Let q be (1/1)/(1/25). Calculate the greatest common factor of q and a.
5
Let k be -2*(-4)/(-8)*0. Suppose -3*c - 5 = s, -3 + 11 = -4*c. Let v be k + s - (2 - 3). What is the highest common factor of v and 2?
2
Let q = -12 - -3. Let r = q + 11. Suppose g = 5*v + r*g - 23, -3*g = 5*v - 19. What is the greatest common divisor of v and 35?
5
Let f = 15 - 9. Let z = f + -6. Suppose -16 = -2*l - z*l. What is the greatest common divisor of 24 and l?
8
Let t(j) = -j**3 - 31*j**2 + 30*j - 39. Let n be t(-32). What is the greatest common divisor of n and 325?
25
Let s(m) = 13*m + 26. Let i be s(0). Calculate the highest common divisor of 1742 and i.
26
Suppose -r + 39 + 9 = -5*t, -3*r + 2*t + 79 = 0. Suppose -3*a = c - 31, 5*a + 0*a = c - r. Calculate the greatest common divisor of c and 8.
4
Suppose h - 84 = -27*h. Let m(g) = g**3 + 7*g**2 - 2*g - 8. Let c be m(-7). What is the highest common divisor of c and h?
3
Let g(s) = -13*s - 66. Let t be g(-5). Let x(o) = 12*o**2 + 7*o + 7. Let m be x(t). What is the greatest common divisor of 132 and m?
12
Let f be (2 - -38) + (-66)/11. What is the greatest common divisor of 374 and f?
34
Let n be (-244)/(-22) + (-30)/330. Calculate the highest common factor of 1441 and n.
11
Suppose 3*a = -r - 14, -3*a = -2*a + 5. Let c be ((-1)/3)/(r/(-3)). Suppose -9*u = u - 110. Calculate the highest common divisor of c and u.
1
Let b = -322 - -327. Calculate the highest common factor of b and 65.
5
Suppose 0 = -3*u - 15, -l - u = u + 16. Let w be (30/20)/(l/(-248)). What is the greatest common divisor of w and 155?
31
Let d be 5/(45/(-6))*(-16 - -1). Suppose -141 = -d*u + 7*u. What is the highest common divisor of 329 and u?
47
Suppose -2*n = -0*n - 396. Let g = -101 + 123. Calculate the greatest common factor of g and n.
22
Suppose -204 = 12*i - 29*i. What is the highest common factor of i and 636?
12
Let j = -26 - -69. Suppose 57 = w + j. Calculate the greatest common factor of 14 and w.
14
Let n = 35 - 16. Suppose 4*g - 41 = -1. Let t be (228/15)/(2/g). What is the greatest common factor of n and t?
19
Let r be ((-18)/(-21))/((-4)/224). Let k = r + 51. What is the highest common divisor of 21 and k?
3
Let c be (-33)/(-6)*(-54)/(-99)*2. Calculate the greatest common divisor of c and 22.
2
Suppose -2*s - 115 = -10*i + 5*i, -3*i + 5*s = -69. Let c be 4*(-1 + (-211)/(-4)). Calculate the greatest common divisor of c and i.
23
Suppose 82 = -1252*m + 1253*m. What is the greatest common factor of 2952 and m?
82
Let i = -38 - -68. Suppose i = 122*d - 119*d. Let j be -15*((-33)/9 - 1). Calculate the greatest common divisor of d and j.
10
Suppose 5 - 125 = -6*b. Calculate the highest common divisor of b and 430.
10
Let h(n) = -n**3 - 12*n**2 - 29*n - 27. Let r be h(-11). Calculate the greatest common factor of r and 114.
57
Let m be (-6)/45 - 9392/(-240). Calculate the greatest common factor of m and 1131.
39
Suppose 0 = -2*z + 2*q, q - 5*q + 2 = -5*z. Let x = 10 + z. Calculate the highest common divisor of 96 and x.
8
Suppose 0 = -5*i - y + 873, -62*i + 5*y + 360 = -60*i. Calculate the highest common factor of 140 and i.
35
Let w be ((-1 - 6) + 2)/(2/(-4)). Calculate the greatest common factor of 625 and w.
5
Let z be -2 + -4 + 112 + -10. What is the greatest common divisor of 348 and z?
12
Let w(f) = 2*f**2 + f + 1. Let p be w(-3). Calculate the highest common divisor of p and 256.
16
Let t = 28 - 16. Let c(q) = 5*q - 2 + 5 - 2 - 7. Let y be c(6). What is the highest common divisor of y and t?
12
Let f(t) = 231 + 7*t - t**2 + 12*t - 205. Let g be f(17). What is the greatest common divisor of g and 15?
15
Let g = -1 + 4. Suppose 95 = 5*q - 3*n + g, -3*q + 2*n = -55. Calculate the greatest common factor of 19 and q.
19
Suppose -171 = -22*o + 19*o. Calculate the greatest common divisor of 456 and o.
57
Suppose 0 = 12*l - 8*l - m - 137, -3*m - 139 = -4*l. Calculate the greatest common divisor of 1054 and l.
34
Let g = 9 - -7. Let a = 25 - g. Calculate the greatest common divisor of 99 and a.
9
Let i be (-1 - -2)/((-4)/(-8)). Let y be 3/i + (-44)/(-8). Let h(m) = -m**3 + 7*m**2 + 3*m + 13. Let v be h(y). What is the greatest common factor of v and 51?
17
Let j = -18 + 122. Calculate the highest common factor of 8 and j.
8
Let h = 113 - 79. Suppose -3*x + 2 = -h. Calculate the greatest common divisor of x and 12.
12
Let n = -17 + 21. Suppose 0 = 4*d - 48 - 0. What is the greatest common divisor of d and n?
4
Let k(u) = -14*u - 163. Let g be k(-12). What is the greatest common factor of 25 and g?
5
Let o = -355 + 375. Calculate the highest common divisor of 40 and o.
20
Let a(u) = 2*u**2 - u. Let v be a(-3). Let n = 464 - 429. What is the highest common factor of n and v?
7
Suppose 6*h - 9975 = -19*h. Calculate the highest common factor of h and 42.
21
Let y(t) = 11*t**2 + 5*t + 5. Let l(m) = -3*m - 28. Let d be l(-8). Let j be y(d). Calculate the highest common divisor of j and 23.
23
Let n be (3 + (-35)/25)/((-2)/(-180)). Suppose n = 5*w + 59. Suppose -75 = -3*j + 27. What is the highest common divisor of j and w?
17
Let x(c) = -9*c - 2*c**3 - c**2 + 4 - 1 - 10 + 2*c. Let k be x(-2). What is the highest common divisor of k and 209?
19
Suppose -2700 = -25*l + 7*l. What is the highest common divisor of 100 and l?
50
Suppose -3*u - 6 = -0, 5*u = 3*j - 394. Calculate the greatest common divisor of j and 448.
64
Let m = 2436 - 76. What is the greatest common factor of m and 20?
20
Let l(z) = -z**3 - 15*z**2 + 26*z - 14. Let n be l(-19). Suppose -n + 276 = -3*v. What is the greatest common divisor of 22 and v?
22
Let x be (-1)/3*(-30)/5. Suppose 3*a - x + 13 = -y, 2*y - a - 13 = 0. Suppose -167 + 195 = v. What is the highest common factor of y and v?
4
Let c be (-52)/(-12) + 5/(-15). Let u be (c - 0) + -5 + 5. What is the highest common factor of 14 and u?
2
Suppose 2*b + 17 = 2*t + 3*t, -t - 3*b = 0. Let p = -4 + 1. Let w be (t/p - -16)/1. Calculate the highest common divisor of w and 10.
5
Let a = -47 + 97. Let d(z) = z**3 + 29*z**2 + 51*z - 61. Let q be d(-27). Calculate the greatest common divisor of q and a.
10
Suppose 2*v - 5*z = 936, 4*v - 5*z - 2340 = -v. What is the greatest common factor of 36 and v?
36
Suppose 0 = -b - 3*r, 8*b - 32 = 3*b + r. Suppose b*k = 114 - 24. What is the greatest common divisor of k and 105?
15
Let u = -21 + 22. Let a be (u/1)/(13/169). What is the greatest common divisor of a and 91?
13
Let c = 536 + -393. What is the highest common factor of 11 and c?
11
Let a(d) = -d**3 + 5*d**2 + 2*d